at is the hundred thousands digit of 3007376567?
3
What is the hundreds digit of 2087151009?
0
What is the tens digit of 17138012?
1
What is the millions digit of 178127321?
8
What is the hundreds digit of 2184867684?
6
What is the hundred millions digit of 259170156?
2
What is the ten thousands digit of 959153693?
5
What is the thousands digit of 4344514?
4
What is the units digit of 4898874?
4
What is the ten millions digit of 732580722?
3
What is the ten thousands digit of 412973504?
7
What is the hundreds digit of 66102226?
2
What is the tens digit of 92081924?
2
What is the hundreds digit of 178264777?
7
What is the ten thousands digit of 379958970?
5
What is the thousands digit of 16077588?
7
What is the tens digit of 20795322?
2
What is the hundred thousands digit of 40747089?
7
What is the tens digit of 12170099?
9
What is the tens digit of 182371374?
7
What is the hundreds digit of 260895233?
2
What is the units digit of 2504135418?
8
What is the ten millions digit of 1383447140?
8
What is the millions digit of 826740406?
6
What is the thousands digit of 19005758?
5
What is the ten thousands digit of 5035252?
3
What is the ten thousands digit of 330994598?
9
What is the hundred thousands digit of 189930578?
9
What is the hundreds digit of 44345262?
2
What is the hundred millions digit of 1190748606?
1
What is the millions digit of 1204543566?
4
What is the ten millions digit of 3795860959?
9
What is the tens digit of 163200953?
5
What is the ten thousands digit of 7889370?
8
What is the ten millions digit of 2454442189?
5
What is the ten thousands digit of 57560014?
6
What is the tens digit of 69362918?
1
What is the units digit of 117537167?
7
What is the millions digit of 74173025?
4
What is the ten thousands digit of 41903485?
0
What is the thousands digit of 5779523262?
3
What is the hundreds digit of 2915029246?
2
What is the ten thousands digit of 47751072?
5
What is the tens digit of 170805251?
5
What is the millions digit of 64029035?
4
What is the tens digit of 387619552?
5
What is the tens digit of 594736278?
7
What is the hundred millions digit of 3455349600?
4
What is the millions digit of 49929260?
9
What is the hundreds digit of 71963011?
0
What is the hundred thousands digit of 120065258?
0
What is the thousands digit of 212585452?
5
What is the units digit of 47241217?
7
What is the ten thousands digit of 328978028?
7
What is the hundred thousands digit of 28371162?
3
What is the ten millions digit of 142098786?
4
What is the hundred millions digit of 1636202870?
6
What is the thousands digit of 163957481?
7
What is the millions digit of 37337107?
7
What is the millions digit of 416836386?
6
What is the ten thousands digit of 61495999?
9
What is the millions digit of 10413831?
0
What is the tens digit of 53707607?
0
What is the hundred millions digit of 6064849837?
0
What is the ten millions digit of 614879029?
1
What is the thousands digit of 961035150?
5
What is the hundred millions digit of 902020806?
9
What is the thousands digit of 59049125?
9
What is the tens digit of 1316851839?
3
What is the ten millions digit of 4116047173?
1
What is the ten millions digit of 5646386013?
4
What is the millions digit of 1171488419?
1
What is the tens digit of 2412742311?
1
What is the millions digit of 1146747722?
6
What is the hundreds digit of 120306416?
4
What is the ten millions digit of 588978759?
8
What is the hundred thousands digit of 898863914?
8
What is the hundreds digit of 5034341355?
3
What is the millions digit of 507284429?
7
What is the tens digit of 5654325796?
9
What is the hundred thousands digit of 206011410?
0
What is the units digit of 156576127?
7
What is the hundred thousands digit of 497207129?
2
What is the thousands digit of 8038299968?
9
What is the ten millions digit of 1844639459?
4
What is the hundred thousands digit of 61519864?
5
What is the thousands digit of 9444773?
4
What is the hundred millions digit of 1401477115?
4
What is the billions digit of 1231333108?
1
What is the millions digit of 5186891713?
6
What is the ten thousands digit of 2757016?
5
What is the millions digit of 1090413747?
0
What is the hundred millions digit of 325365597?
3
What is the hundred thousands digit of 148892370?
8
What is the units digit of 5911425464?
4
What is the ten thousands digit of 3273150464?
5
What is the hundreds digit of 2213998788?
7
What is the millions digit of 333422249?
3
What is the millions digit of 4343094247?
3
What is the hundred millions digit of 1171394724?
1
What is the units digit of 1514807666?
6
What is the hundred millions digit of 1931490237?
9
What is the millions digit of 47339389?
7
What is the thousands digit of 102942404?
2
What is the ten thousands digit of 634296879?
9
What is the hundreds digit of 202640350?
3
What is the ten millions digit of 45928969?
4
What is the units digit of 135060032?
2
What is the hundreds digit of 127397224?
2
What is the ten thousands digit of 679152533?
5
What is the hundreds digit of 190721530?
5
What is the thousands digit of 29012354?
2
What is the units digit of 1309892780?
0
What is the thousands digit of 1818085659?
5
What is the thousands digit of 2839783515?
3
What is the ten thousands digit of 2152739852?
3
What is the units digit of 191263904?
4
What is the units digit of 163741453?
3
What is the hundreds digit of 530857127?
1
What is the millions digit of 211971744?
1
What is the thousands digit of 159414631?
4
What is the ten millions digit of 165026255?
6
What is the millions digit of 17811944?
7
What is the ten millions digit of 567042198?
6
What is the thousands digit of 1760588889?
8
What is the thousands digit of 226254998?
4
What is the hundred thousands digit of 3243422771?
4
What is the tens digit of 23206312?
1
What is the hundreds digit of 3706243132?
1
What is the millions digit of 29731376?
9
What is the thousands digit of 208600237?
0
What is the thousands digit of 542769436?
9
What is the hundred millions digit of 784030730?
7
What is the units digit of 75633338?
8
What is the units digit of 78076313?
3
What is the hundreds digit of 2071295271?
2
What is the ten millions digit of 24028824?
2
What is the thousands digit of 120669232?
9
What is the thousands digit of 714576022?
6
What is the ten thousands digit of 25700547?
0
What is the millions digit of 112091257?
2
What is the tens digit of 40556763?
6
What is the thousands digit of 552972751?
2
What is the thousands digit of 6965053299?
3
What is the hundred millions digit of 414846077?
4
What is the ten millions digit of 5489391094?
8
What is the hundred thousands digit of 1295463937?
4
What is the units digit of 3167753188?
8
What is the ten millions digit of 252732392?
5
What is the hundreds digit of 309676506?
5
What is the millions digit of 371916451?
1
What is the hundred thousands digit of 173725418?
7
What is the ten thousands digit of 44911940?
1
What is the thousands digit of 144552718?
2
What is the billions digit of 1540117913?
1
What is the tens digit of 97185082?
8
What is the millions digit of 101080661?
1
What is the ten millions digit of 167424123?
6
What is the tens digit of 1090050937?
3
What is the units digit of 1609160144?
4
What is the ten millions digit of 56585860?
5
What is the hundred thousands digit of 98700563?
7
What is the millions digit of 19606828?
9
What is the hundred millions digit of 578996925?
5
What is the millions digit of 110577024?
0
What is the ten thousands digit of 87069888?
6
What is the tens digit of 753229003?
0
What is the thousands digit of 371637884?
7
What is the units digit of 4856829742?
2
What is the hundred thousands digit of 520320948?
3
What is the ten thousands digit of 1868502051?
0
What is the ten millions digit of 36068739?
3
What is the millions digit of 297819834?
7
What is the hundred thousands digit of 133685140?
6
What is the ten thousands digit of 7598769610?
6
What is the ten thousands digit of 282479738?
7
What is the hundred thousands digit of 232017753?
0
What is the ten thousands digit of 363522993?
2
What is the hundred millions digit of 160583875?
1
What is the ten thousands digit of 69307861?
0
What is the hundred thousands digit of 104303703?
3
What is the hundred millions digit of 2105674